on divisor of 275502 and 2386443.
3723
What is the highest common factor of 95387 and 8716598?
181
What is the highest common factor of 1120 and 8509130?
70
Calculate the greatest common divisor of 105 and 97643805.
105
What is the greatest common divisor of 10176 and 19104?
96
Calculate the highest common factor of 116480 and 264160.
2080
What is the greatest common factor of 326432 and 268256?
3232
What is the greatest common divisor of 283087834 and 86?
86
Calculate the highest common factor of 45999567 and 27.
9
Calculate the greatest common divisor of 2856 and 9498972.
84
Calculate the greatest common divisor of 35 and 3547278.
7
What is the greatest common divisor of 685305 and 495?
45
What is the greatest common factor of 22805129 and 71?
71
What is the highest common divisor of 71568245 and 16122?
2687
What is the greatest common factor of 49670 and 1105870?
10
Calculate the greatest common factor of 7 and 5227061.
7
Calculate the greatest common factor of 14273591 and 4849.
373
Calculate the highest common divisor of 126 and 996926.
14
Calculate the highest common factor of 9790342 and 116.
58
Calculate the highest common divisor of 3944 and 214689668.
1972
Calculate the greatest common factor of 260490223 and 245.
49
What is the highest common divisor of 49825810 and 136?
34
Calculate the greatest common factor of 32851 and 828191.
1729
What is the greatest common divisor of 5621176 and 3652?
44
Calculate the greatest common divisor of 41211 and 247095.
171
Calculate the greatest common factor of 12699 and 16739523.
747
Calculate the greatest common divisor of 12871476 and 9048.
348
What is the highest common factor of 75822716 and 3236?
3236
Calculate the highest common factor of 20893688 and 2320.
232
Calculate the highest common divisor of 5576 and 731272.
136
What is the highest common factor of 442 and 29928704?
442
What is the highest common divisor of 979608 and 15113?
119
What is the greatest common factor of 171173103 and 102773?
9343
What is the highest common factor of 66 and 5494544?
22
Calculate the greatest common divisor of 114011699 and 3386.
1693
Calculate the greatest common factor of 1113723912 and 228.
228
Calculate the highest common factor of 5595 and 500670.
15
What is the highest common divisor of 95 and 178345837?
19
What is the greatest common divisor of 85264 and 548272?
16
Calculate the greatest common factor of 776 and 55950376.
776
Calculate the greatest common divisor of 618 and 3343848.
6
What is the highest common factor of 48 and 21274496?
16
What is the greatest common factor of 1779 and 30102459?
1779
What is the greatest common divisor of 6 and 4737462?
6
What is the highest common divisor of 3641145 and 1310?
655
What is the highest common factor of 560896 and 52364900?
8764
What is the greatest common factor of 12864 and 1824?
96
Calculate the greatest common factor of 37667685 and 465.
15
Calculate the highest common divisor of 80697 and 304613.
727
Calculate the highest common divisor of 4300 and 602903.
43
Calculate the greatest common factor of 21130 and 592840.
10
Calculate the greatest common factor of 110791 and 54345394.
4817
What is the greatest common factor of 267381 and 10125?
81
Calculate the highest common divisor of 2743 and 783393.
13
Calculate the highest common divisor of 670 and 21296270.
10
What is the greatest common divisor of 126411 and 25334508?
4359
Calculate the greatest common factor of 8341160 and 500.
20
What is the greatest common divisor of 8224148 and 78184?
1348
What is the greatest common factor of 236 and 38253476?
236
What is the greatest common factor of 6000 and 26304500?
500
Calculate the greatest common divisor of 84 and 27358044.
84
What is the greatest common divisor of 413 and 280483?
7
What is the greatest common divisor of 6 and 1731814?
2
What is the greatest common factor of 12 and 4952648?
4
What is the highest common factor of 249240 and 3267121?
2077
Calculate the greatest common divisor of 27872 and 74979164.
3484
Calculate the greatest common divisor of 34353928 and 112.
56
What is the greatest common factor of 25724 and 2276792?
436
Calculate the greatest common divisor of 192992 and 35870432.
5216
What is the highest common divisor of 47160 and 5887664?
1048
Calculate the highest common divisor of 88 and 136773032.
88
Calculate the highest common factor of 4302938 and 17418166.
15878
What is the highest common divisor of 258 and 9695334?
6
Calculate the highest common divisor of 30495 and 563502.
57
Calculate the highest common factor of 185808 and 25008.
48
Calculate the highest common factor of 2211684573 and 3.
3
What is the greatest common divisor of 18398022 and 69?
69
Calculate the highest common divisor of 66450 and 3450.
150
Calculate the greatest common factor of 22 and 99527934.
22
Calculate the greatest common divisor of 28 and 263450761.
7
What is the highest common factor of 12064 and 1715872?
928
Calculate the greatest common divisor of 133672181 and 3299.
3299
What is the greatest common divisor of 38163570 and 150?
30
What is the highest common divisor of 16540178 and 40002?
118
Calculate the greatest common divisor of 5600 and 2087338400.
5600
Calculate the highest common divisor of 21696096 and 1072.
16
Calculate the highest common factor of 7 and 4978813.
7
What is the highest common divisor of 364 and 81652?
4
What is the highest common factor of 99 and 59585889?
33
Calculate the greatest common factor of 134149644 and 72.
36
What is the greatest common divisor of 7031 and 2158596?
79
Calculate the highest common divisor of 165984 and 234650.
494
Calculate the greatest common factor of 6030 and 191711790.
6030
What is the greatest common divisor of 51560 and 4520?
40
Calculate the greatest common divisor of 137 and 2315711.
137
What is the greatest common divisor of 322 and 16529663?
23
Calculate the greatest common divisor of 3 and 75925.
1
What is the greatest common divisor of 473781 and 228291?
147
What is the greatest common factor of 53110 and 3739170?
1130
Calculate the greatest common divisor of 572136 and 33108.
372
Calculate the highest common factor of 154 and 4553703.
77
Calculate the highest common divisor of 104301 and 423.
9
Calculate the greatest common factor of 38646 and 736326.
342
Calculate the highest common divisor of 13 and 9292153.
13
What is the highest common divisor of 28427 and 236747?
217
What is the highest common divisor of 10616555 and 905?
905
Calculate the greatest common divisor of 709560 and 19980.
540
Calculate the highest common divisor of 33 and 36623037.
33
Calculate the highest common divisor of 37 and 60998237.
37
Calculate the highest common divisor of 70200 and 1448200.
2600
What is the greatest common factor of 21228648 and 10472?
952
What is the highest common factor of 4998011473 and 1327?
1327
What is the highest common factor of 28258 and 125370?
398
Calculate the highest common divisor of 540394 and 37680.
314
What is the greatest common factor of 3458 and 224481075?
91
What is the highest common factor of 59644 and 998076?
124
Calculate the highest common factor of 128 and 2227276.
4
What is the greatest common factor of 2353 and 2726074?
13
Calculate the highest common factor of 15205003 and 27863.
1639
Calculate the greatest common divisor of 37856 and 6597136.
1456
Calculate the greatest common divisor of 252 and 4797996.
84
Calculate the greatest common factor of 1194 and 354.
6
Calculate the greatest common divisor of 37 and 1289501171.
37
What is the greatest common divisor of 67488 and 200944?
304
What is the highest common divisor of 4113 and 4210798?
457
What is the greatest common divisor of 4559 and 17119433?
97
Calculate the highest common factor of 376 and 47647942.
94
Calculate the greatest common factor of 4992963 and 3.
3
What is the highest common divisor of 10097665 and 45?
5
Calculate the greatest common divisor of 44942 and 34339.
23
Calculate the highest common factor of 5056 and 775069.
79
What is the greatest common divisor of 7073631 and 13528?
89
What is the greatest common factor of 212256 and 2911016?
536
What is the greatest common divisor of 40310700 and 700?
100
Calculate the greatest common factor of 1392 and 759104.
464
What is the high